of (o*5/(-10))/((-1)/(-4))?
9
Suppose 2*m + 5*d = 26, -d + 0 = -4. Suppose -3*x + m*c - 6*c + 3012 = 0, -4*x + 4018 = 3*c. What is the tens digit of x?
0
Let n be 0 + -4 - -5 - (-2 + 0). Let g(o) = -23*o**3 + 2*o**2 + 7*o - 2. Let l be g(n). What is the hundreds digit of (2/(-2))/(2*2/l)?
1
Let z(p) = 312*p**2 - 5*p - 2. Let r be z(-1). Suppose -890 = -10*w + 7*w + 2*g, 3*g - r = -w. What is the hundreds digit of w?
3
Suppose -3*h + 0*h = -u - 6, -12 = -4*h. Suppose 636 + 153 = u*s. What is the hundreds digit of s?
2
Let b(g) = 2*g**3 + 2*g**2 + 4*g - 3. Let t = -418 - -423. What is the units digit of b(t)?
7
Let o = -5 + 39. Suppose -4*w = 30 - o. What is the units digit of ((-102)/(-12) - w)/(1/14)?
5
Let a(s) = -s**2 + 15*s - 8. Let g = -28 - -35. Let t be a(g). Suppose 2*y - 6*y = 4*m - t, -2*y = m - 12. What is the units digit of m?
2
Let u(x) = 1674*x. Let g be u(1). What is the tens digit of ((-1)/(-2))/(3/g)?
7
Suppose 19827 = l + 2*q, 19831 = l + 14*q - 16*q. What is the thousands digit of l?
9
Let w(l) be the first derivative of 2*l**3/3 + 8*l**2 - 22*l - 20. What is the hundreds digit of w(9)?
2
What is the tens digit of 732/(-915) + (-3 - (-296288)/10)?
2
Let o(y) = -16*y + 3 - 10 + 0*y + 21*y**2 + 5. What is the hundreds digit of o(6)?
6
Let h be (-9)/6 - 966/12. Let q = 236 + -94. Let b = q + h. What is the tens digit of b?
6
What is the tens digit of (-9)/12*-8 + 1369?
7
Let x = 716 + -1158. Let m = 655 - x. What is the hundreds digit of m?
0
What is the units digit of (-1)/(-3)*310512/16?
9
Let q = -7 - -19. Let r = 6886 - 6891. What is the units digit of 2/6 - ((-476)/q + r)?
5
Let g be (-2)/(-17) + 700/119. Suppose -10 = -2*h + 5*r + g, 2*h + 8 = -r. What is the units digit of -129*h/(-18)*-3?
3
Let c = 300 + -6. Let p be (10 - -1) + 9/(7 - -2). What is the hundreds digit of (-18)/(-3)*c/p?
1
Let d(h) = h + 13. Let r be d(-11). Let l be (-4)/r*(0 + -2). Suppose f = -4*w + 106 - 28, -380 = -l*f + w. What is the units digit of f?
4
Let g(z) = 49 - 4*z**2 - z + 2*z**2 - z**2 + 2*z**2. What is the tens digit of g(0)?
4
Let r(w) = w**3 + w**2 - w - 1. Let v(b) = -4*b**3 - 35*b**2 + 31*b - 21. Let k(o) = 3*r(o) + v(o). What is the units digit of k(-33)?
1
Let j(b) = -b**3 - 13*b**2 + 19*b + 28. Let t be j(-14). What is the units digit of (12/24)/((-3)/t)?
7
Let w = -45 + 92. Let p = 363 + w. What is the tens digit of p?
1
Suppose -7*f + 5*f - 2 = 0. Let q be -3 + (3 - -19) - f. Let l(s) = 14*s - 64. What is the tens digit of l(q)?
1
Suppose l - 5*l - 2*a + 5594 = 0, -5*a - 15 = 0. Let b = l - 744. What is the units digit of b?
6
Let s(m) = -2*m**3 - m**2 + 11*m + 9. Let q be s(-8). Let r = -599 + q. What is the units digit of r?
2
Suppose -8*r + 9 = -7. Suppose r*y + 8 = 0, -g + 0*y = 4*y - 732. Suppose 5*w + 2*i = g, -3*w + 4*i + 154 = -2*w. What is the tens digit of w?
5
Let k = -14080 - -25212. What is the hundreds digit of k?
1
What is the units digit of 649/88 - 7 - 411591/(-24)?
0
Let w be 14/(-63) - 194/18. Let b = 13 + w. Suppose -4*r - p = -338, b*p - 174 = -2*r + 4*p. What is the tens digit of r?
8
Suppose x - 6*i + 72 = -2*i, -3*x = -2*i + 226. Let k = x - -82. What is the tens digit of k/(-15) + 572/5?
1
Suppose -20*f + 2 = -19*f. Suppose 5*b - 19 - 1 = 0. What is the units digit of ((-81)/2)/(b/(-32)*f)?
2
Suppose -v + 5 = -0*v, 0 = 5*s + 4*v - 8915. What is the thousands digit of s?
1
Let r(o) be the second derivative of -37*o**5/2 + o**3/6 + o**2 - 4*o - 5. What is the hundreds digit of r(-1)?
3
Let i = -31298 - -59639. What is the tens digit of i?
4
Suppose -83*l = -86*l + 117. Let g = -235 - l. Let x = 408 + g. What is the units digit of x?
4
Let t(f) = f**3 + 24*f**2 + 16*f - 4. Let h be t(-22). Suppose 0*i + i = -5*m + 216, 3*i - h = 3*m. What is the units digit of i?
6
Let n(l) = l**2 - 3*l - 6. Let o be n(-3). Suppose -17*q = -o*q. Suppose -4*d + 5*d - 187 = q. What is the hundreds digit of d?
1
Let f(l) = -16*l**3 - 2*l**2 + 4*l - 1. Let d be f(2). Suppose -8*u = -1016 - 696. Let t = u + d. What is the units digit of t?
5
Let v(w) = 3 - 2440*w + 1205*w + 146*w**2 + 1220*w. What is the units digit of v(2)?
7
Suppose 2324 = -2*s - 3*f, -2*s + 5*f = f + 2352. Let v = 2151 + s. What is the hundreds digit of v?
9
Let h(r) = -231*r + 52. Let d be h(-4). Suppose -x + 362 = -5*f, 4*x - 556 = -f + d. What is the units digit of x?
2
Suppose 5 = -12*y + 5. Suppose 5*i + 3*d + 271 = y, -i + 2*d = 2*i + 174. What is the units digit of 24/i - 846/(-14)?
0
Suppose -2*u = 2*a + 18, 5*u = 5*a - 0*u + 55. Let d be (1 + 4)*16/a. What is the hundreds digit of 145 - (d/(-10) - (-15)/75)?
1
Let d = 28815 + -13903. What is the hundreds digit of d?
9
Let a be (-1 - -93) + (7 - 3) + -5. Let q = -6 - -4. What is the tens digit of a*-4*q/8?
9
Let w(d) = -d**2 + 7*d + 12. Let m be w(7). Suppose -6*c + 0 + m = 0. Let x = 33 + c. What is the tens digit of x?
3
Let n(g) = -g - 24. Let a be n(-22). Let l be 6/a + (4 - 12). Let u(b) = -b**2 - 12*b + 6. What is the units digit of u(l)?
7
Let o = -6282 - -20720. What is the tens digit of o?
3
Suppose d = -2*d. Suppose d = -3*f - 4*p + 1170, 0 = 8*f - 3*f - p - 1927. What is the tens digit of f?
8
Let x = -352 + 352. Suppose x = -2*m + 49 + 221. What is the tens digit of m?
3
Let j(p) = -8*p + 280. What is the hundreds digit of j(-20)?
4
Let a = -13947 - -21938. What is the units digit of a?
1
Let y(r) = r**2 + 7*r - 23. Let z(f) = -f**3 - 14*f**2 - 14*f - 4. Let v be z(-13). Suppose -v*k + 32 = -11*k. What is the hundreds digit of y(k)?
1
Suppose 2*r = 19*l - 21*l + 23290, 3*r + 23295 = 2*l. What is the hundreds digit of l?
6
Let v(u) = 23*u**2 - 3*u + 19. Let l be v(4). Suppose l*c = 383*c - 10768. What is the tens digit of c?
4
Let a(d) = -1395*d - 1069. What is the ten thousands digit of a(-23)?
3
Let k(j) = -35*j - 56. Let q be k(6). Let y = q - -284. What is the tens digit of y?
1
Let z = -10673 + 15551. What is the units digit of z?
8
Suppose 122*x - 22580 = 118*x. What is the units digit of x?
5
Let t(z) be the first derivative of -z**4/2 - z**3/3 + 2*z**2 + 11*z - 9. What is the hundreds digit of t(-4)?
1
Suppose -4 = -2*k + 5*d - 3, -k + 2*d + 1 = 0. Suppose -3*c + 2*c + 1 = k*t, 5*c = 4*t - 33. What is the hundreds digit of (4 + t)*(320/12 - 4)?
1
Let m = 7087 - -1262. What is the units digit of m?
9
Let z = -15945 - -29408. What is the units digit of z?
3
Let u(w) = w**3 - 3*w**2 - 19*w + 11. Let z be u(6). Suppose z*a - 2*v = 2108, -v + 481 = 2*a - 364. What is the tens digit of a?
2
What is the hundreds digit of (-6200)/(-341) + 4 + -22 - 1117266/(-22)?
7
Let w(t) = -10*t**3 + 8*t**2 + 77*t + 6. What is the units digit of w(-5)?
1
Suppose r = 99*h - 101*h + 11619, 4*r - 29043 = -5*h. What is the tens digit of h?
1
Let a be (1007/152)/(1/8). Suppose a*u = 50*u + 1308. What is the tens digit of u?
3
Let k be 6/(-2) + (-5954)/13. Let o = k + 1274. What is the units digit of o?
3
Let x(m) = 2*m**2 + 21*m - 44. Let h be x(-12). Let j(q) = -70*q + 71. What is the tens digit of j(h)?
3
Suppose -2*r = -3*f - 41779, 2*f - 98980 = -5*r + 5515. What is the thousands digit of r?
0
Let p = -31 + 56. Suppose 5*z = -5*a + p, -4*z - 4*a = -8*z + 52. Let s(w) = w**3 - 10*w**2 + 12*w + 7. What is the tens digit of s(z)?
3
Let l(k) = 2*k**2 - 2*k - 46. Let g be l(-20). Suppose 482 = 2*c - g. What is the units digit of c?
8
Suppose 0 = -z - z - 40. What is the units digit of z/(-20)*(0 + -3)*-54?
2
Let p(f) = 64*f - 128. Let b(i) = i**3 + 10*i**2 - 11*i + 13. Let j be b(-11). What is the tens digit of p(j)?
0
Suppose 21935 - 3460 = 25*y. Suppose -y = -5*v + 4106. What is the tens digit of v?
6
Suppose 3*c = 3*x - 8276 - 8431, 5*x - c - 27837 = 0. What is the hundreds digit of x?
5
Let b = -16475 - -41862. What is the units digit of b?
7
Suppose 45 = 5*n + 5*v, 10*n + v + 6 = 12*n. Suppose -n*y + 6547 = 1647. What is the units digit of y?
0
Let i = -4137 + 8879. What is the thousands digit of i?
4
Let z = 941 + -950. Let k(s) be the second derivative of -2*s**3/3 - 14*s**2 - s. What is the units digit of k(z)?
8
Let r = 3136 + 1246. What is the tens digit of r?
8
Let a = 15172 - 7008. What is the thousands digit of a?
8
Suppose -5*m = -o + 748, 0 = -m - 3*m. Let f = 1520 - o. What is the hundreds 